 - (19 + -18 + -34).
-13
What is 12 + -7 - -4 - 13 - -18?
14
What is -8 + 13 + -7 + 3?
1
Evaluate 12 - 5 - (3 - 4 - 4).
12
What is the value of 225 + -220 + -13 + 0?
-8
What is -12 + 25 + -41 - (-7 + 1)?
-22
What is the value of (-4 - -13 - -4) + 1?
14
What is -11 - 1 - (224 + -251)?
15
Evaluate -22 + 21 - ((3 - -1) + 1).
-6
What is the value of 2 + (-1 + 4 - (3 + -2 - -8))?
-4
Evaluate 1 + -13 + (-64 - -76) + 1 + -1.
0
What is 12 - (-11 + (-8 + 0 - -12))?
19
Calculate (-115 - -125) + (-12 - -4).
2
What is the value of -11 + (2 - (1 - 8)) + -5?
-7
15 - 0 - (-48 - -50)
13
Calculate 202 + -174 - (-3 - 0 - -7).
24
Calculate (1 - 1) + (3 + 3 - 6) + 6.
6
Evaluate (-253 - -269) + -1 + 1.
16
Calculate 25 + -20 + -10 + -12.
-17
(-1 - -3) + -27 - (-35 + -4 + 29)
-15
What is the value of 0 - 0 - ((-8 - (-21 - -11)) + -2)?
0
24 + -27 - ((2 - 2) + -1) - -5
3
Evaluate -2 - 0 - (3 + 34 + -27) - 9.
-21
Calculate 21 + 7 + (-7 - (8 - 4)).
17
What is -16 + 17 - (3 - (11 + -3)) - 17?
-11
Evaluate 1 + 2 + -2 + -6 + -8 + -6.
-19
-23 + 0 + 6 - (-2 - 5)
-10
What is the value of -4 + (13 - (-10 + 12)) + (2 - -2)?
11
Evaluate -18 - (22 - (19 + -7)).
-28
Evaluate (0 - -24) + (-128 - -120).
16
Evaluate -3 + 43 - (-64 - -134).
-30
Calculate 3 - -2 - -2 - -4.
11
What is the value of 78 + -28 + -17 - 15?
18
What is (0 - 1) + 2 + -376 + 349?
-26
Calculate (-17 - (19 + -12)) + 9.
-15
What is 18 - (-9 - (-3 - 9 - (11 - 18)))?
22
Evaluate -23 + (-8 - 2) - -27.
-6
What is -8 - (3 + 6 - 16)?
-1
What is the value of 0 + -13 - -2 - (-22 + -3 + 21)?
-7
Evaluate (-1 - (-1 + -6 + 3)) + -59 + 43.
-13
What is -27 - -20 - -15 - 16?
-8
Calculate 25 + 15 + (-21 - -8) + -2.
25
Calculate 1 - (26 - (6 + 7)).
-12
What is the value of 7 + (-2 + 1 - (-16 - -8 - -23))?
-9
Calculate -1 + -1 + (-2 - 2) - (3 - 1).
-8
Calculate -7 + -11 + (2 - 9).
-25
Evaluate (33 - -7) + -37 - 31.
-28
Evaluate 51 - (18 + -12 - -22).
23
What is 0 - 28 - (-53 - 5)?
30
Evaluate (-1 - -12 - 2) + (36 - (-35 - -56)).
24
Evaluate (106 - 106 - (0 - (1 - 3))) + 2.
0
3 - -39 - (102 - 74)
14
What is the value of 22 - 23 - (-6 + 1) - (1 - 1)?
4
Calculate 4 + 9 + (-52 - -27).
-12
What is the value of (-22 - -6) + 32 + -23 - 0?
-7
What is the value of -55 + 50 + (5 - (1 + 2))?
-3
(-109 - -99) + (-4 - (2 + -17 + -3))
4
Evaluate 8 - (-10 - (-19 + 0)).
-1
4 + (-7 + 6 + -5 + 0 - 9)
-11
What is the value of -1 + 25 + -2 - 7?
15
Evaluate -28 + 17 + -16 + 21.
-6
-2 + (-5 - 0 - (-7 - 4 - -9))
-5
Evaluate (-10 - (-11 + -20 - -12)) + (12 - 1).
20
Evaluate -33 - (-57 + (6 - 12)).
30
Evaluate (-7 - -20) + 20 + -20.
13
Calculate 10 - (-13 - (-8 - -21 - 32)).
4
Calculate 0 + 0 + -3 + -19 + (42 - 24).
-4
Calculate -1 - (-17 + -2 - (11 - 16)).
13
What is the value of -7 + (-4 + -2 - (-16 - -27))?
-24
Evaluate 3 + -4 - 5 - (0 + 9).
-15
39 + (-6 - 6) + (-3 - -7)
31
-10 + (-9 - (8 + -6 + 2 - 10))
-13
Calculate -7 + 1 - (-965 + 983).
-24
What is the value of (-7 - -32) + 1 + -16?
10
What is 3 - -10 - (-5 - (0 + 3) - -4)?
17
Evaluate -8 - (16 - 34 - 0).
10
Evaluate 11 - (-34 + 42) - (-16 + 0).
19
1 + (-44 - -41) + 24
22
Calculate (-21 - (23 - (0 + 50))) + -1 + -18.
-13
What is -9 + 9 + (8 + -8 - 6 - -2)?
-4
What is the value of 8 + (-17 - (5 + -39)) - -6?
31
What is the value of (8 - (29 - 4 - 14)) + -28?
-31
Evaluate -2 + 11 + -1 - (-23 + -29 + 59).
1
Evaluate -51 + 31 + (6 + -12 - 5).
-31
Evaluate -14 + (15 - -11 - -1).
13
What is 70 + (8 - 40) + -65?
-27
Calculate 0 - -3 - ((-15 + 12 - 17) + 2).
21
What is (-8 - -9) + -16 + (2 - 4 - -2)?
-15
What is 13 + -12 - -21 - 4?
18
What is (9 - (2 + 2)) + 6 + -4?
7
What is (1 - -4 - 7) + (-8 + 2 - -24)?
16
-5 - (-2 + (-1 + -1 - (6 + -5)))
0
Evaluate -203 + 207 + (1 - 4 - -2) + 0.
3
What is (-22 + 20 - -3) + 1 + -13?
-11
What is (12 - -28) + -126 + 66?
-20
What is -18 + (7 - (3 - (-2 + 6)))?
-10
What is the value of -8 - (-10 - (-11 - 2))?
-11
Calculate -14 + (-9 - 5 - -22).
-6
What is -16 - (-9 + 7 + -2)?
-12
Evaluate 11 - (8 - (-29 - -6)).
-20
What is -3 - -6 - (1 + (-8 - -3))?
7
What is -16 + (-7 - (-6 - 1))?
-16
Evaluate -12 + (-2 - (-17 + -8)).
11
What is 15 + (20 + -13 + -2 - -1)?
21
What is the value of 19 + (51 + -50 - (3 + 2))?
15
10 + 2 + -2 + (5 - (8 - 0))
7
What is the value of -18 - (2 + 2 + -6) - -10?
-6
Calculate 44 + -12 + -24 + 17.
25
966 + -951 + 0 + 2 + 3
20
What is 0 - (-12 - -6 - (1 - (1 + 0)))?
6
What is -2 + (1 - 0) - (-573 - -572)?
0
Calculate 1 - -6 - (1 - -14).
-8
Evaluate (11 - 10 - (4 + -7)) + -12.
-8
What is -5 - (161 + -163 + (-5 - 0))?
2
Evaluate 1 + -1 + (6 - 3) + (1 - -8).
12
Evaluate (2 + 5 - (-10 + 2 + 45)) + 8.
-22
What is the value of -12 + (10 - -18) + -24?
-8
What is the value of (-2 - (14 + -1 - 10)) + -17 + -2?
-24
What is the value of (141 - 124) + 0 + 4?
21
What is the value of 5 - (-3 + 10) - (51 - 38)?
-15
Calculate 37 + -12 + 27 + -39.
13
38 - 50 - (10 - 4 - -6)
-24
Calculate -40 + -19 + 34 - 12 - -1.
-36
-119 + 108 - (2 + -15)
2
Evaluate 6 + 9 + -14 + 3.
4
(-46 - -57) + 1 + -14
-2
What is -9 + 17 + -8 - -3 - -5?
8
Calculate (0 - -6 - 7) + (-11 - -9).
-3
(-83 - -88) + 5 + -5 + (3 - 1)
7
Evaluate 0 + 6 - (27 - 18).
-3
(1 + 4 - 11) + 6
0
3 + 11 - 6 - -2
10
Evaluate (-1 + 1 - -4) + 42 + -50 + -5.
-9
Evaluate 0 + 5 - (109 - 98).
-6
What is 16 + (2 - (14 + 12)) + 29?
21
Calculate -1 - 1 - (396 - 421).
23
Evaluate 10 + 0 + 24 + -42.
-8
(-5 - (-1 + 4)) + 22 - 2
12
-17 + 17 + -36 + 0
-36
What is -45 + (10 - 0) + 16?
-19
-7 + 12 - (4 - 1 - (-35 - -25))
-8
Evaluate 14 + -27 - (-7 + 8 - 6).
-8
What is the value of 4 + -26 + 50 + -20?
8
What is the value of 1 + 17 - (-18 + (-13 - -42) + -16)?
23
Evaluate -1 - (0 - 7) - (-154 - -160).
0
Calculate 6 - (-15 + 9 - -10).
2
Calculate 11 + (11 - (-1 + 1) - (30 + -38)).
30
What is the value of -8 - (-24 + 7) - (15 - -5)?
-11
What is -226 - -235 - (-4 + 3 - 8)?
18
Evaluate (-142 - -133) + (-5 - -1).
-13
(68 - 46) + (2 - (1 + 6)) + -3
14
Calculate 18 + 5 + (97 - 101).
19
What is the value of -2 + 26 + -79 + 80?
25
(18 - (9 + (2 - 9))) + -7
9
What is the value of -2 + -29 + 11 - -7?
-13
What is 7 + (1 - (8 - (-5 + 4 + 7)))?
6
156 - 152 - (5 + -24)
23
-9 - (14 + (-19 - -4 - 29))
21
Calculate -74 + 66 + (29 - 0).
21
Evaluate 17 + 10 + (-28 - -13) + -9.
3
What is the value of -14 + 2 + -2 + (5 - 2)?
-11
Evaluate 12 - (54 - (21 - 8) - 14).
-15
-3 - (-2 - (8 + -6) - 6)
7
What is (4 - 0) + (0 - -6) + -6 + 17?
21
What is the value of 15 - (-22 - (1 - 5) - -16)?
17
Evaluate -4 + -5 + 10 - (2 - (9 - 7)).
1
What is -2 + 7 - (6 - (-1 + 6))?
4
What is (-5 + -13 - -37) + -34?
-15
What is (-5 - -10) + -27 + 9 + -4?
-17
Calculate -14 - (6 + -5) - (0 - 45).
30
Evaluate (-3 + -3 - (2 - 6)) + 5 - -14.
17
Evaluate (-3 + -15 + (7 - -1) - -4) + 19.
13
What is the value of (-27 - 15) + 27 - -5?
-10
What is -18 + 16 + -66 + 39?
-29
What is the value of -12 - -2 - (2 - 3 - -4)?
-13
Calculate -1 + (19 - 1) + (26 - -7) + -23.
27
Calculate -12 + (-8 - -7 - -21).
8
((25 - -7) + -5 - 8) + -6
13
What is 6 - (-6 + 14) - (13 - 2)?
-13
What is -2 + (-27 - -7) - (-6 - 3)?
-13
Calculate 1 + (-1 - (17 + -6) - -10).
-1
-15 + 2 + 14 + -9 + 2
-6
What is the value of 121 - 132 - (-9 + 1) - 10?
-13
-11 + 7 - (0 + 0 - 9)
5
Calculate (3 + 25 - 43) + 49.
34
-31 - -44 - (1 - (-3 - 0))
9
16 + -3 + -8 - (0 - -18)
-13
What is the value of (-3 - (1 - 1)) + 56 + -63?
-10
Evaluate (39 - 61) + (-13 - -4) + 7.
-24
Evaluate 4 + 15 + (2 - 11).
10
What is the value of -2 + -1 + (13 - (4 - -2)) - 10?
-6
Evaluate -10 - (-23 + 0 + 18).
-5
Calculate 3 - ((-1 - 2) + (8 - 8) - -4).
2
What is the value of -5 + (-12 - (13 + -25)) + (-1 - -22)?
16
Calculate (-10 - (-6 - 5)) + 7 + 0.
8
Calculate 1 - (12 + -7) - 4 - -23.
15
Evaluate -8 + 3 + 27 + -24.
-2
What is the value of -2 + (43 - 37) + 0 + 5?
9
Calculate 26 + -27 + (0 + 7 - 4 - -2).
4
10 - -1 - 0 - (47 - (-24 + 49))
-11
What is the value of 7 + -2 - (-71 - -91)?
-15
10 - (1 - (-45 + 40 - (-4 + 2)))
6
Evaluate 3 - (-3 - (1 - 5)) - 4.
-2
Calculate -21 + 12 + -22 + 17.
-14
What is the value of -2 + 5 - (-107 + 105 + (0 - -6))?
-1
(10 + 0 - 8) + (7 - 17)
-8
What is the value of (0 - (0 - 2)) + (-10 - -5)?
-3
What is -7 + -15 + 9 + 0 + 28?
15
Evaluate 7 + (-8 - 9) - -15.
5
What is 2 - (-4 - (17 + -14 + 7)) - -6?
22
What is the value of -17 - -1